7. What is the remainder when t is divided by 18?
17
Suppose 2*g - 68 = -2*g. Calculate the remainder when g is divided by 4.
1
Let f = 1 - -20. What is the remainder when 82 is divided by f?
19
Let t(f) = -f**2 + 7*f - 2. Let u be t(6). Let v = u - -1. Calculate the remainder when 13 is divided by v.
3
Calculate the remainder when 30 is divided by (3 + -2)/((-1)/(-8)).
6
Let w(k) = -k + 17. Let y(b) = b**2 - 8*b + 6. Calculate the remainder when w(8) is divided by y(8).
3
Calculate the remainder when 88 is divided by -4*(-3 - (-4)/(-16)).
10
Let b = -33 - 25. Let w = b + 82. Let g = 17 + w. What is the remainder when g is divided by 14?
13
Let j(n) be the second derivative of n**4 - n**3/6 + n. Let k be (1/(-2))/((-6)/(-12)). What is the remainder when 38 is divided by j(k)?
12
Let u(r) = 18*r - 4. What is the remainder when u(4) is divided by 23?
22
Suppose -y + 6 = -f + 16, 0 = -f - y. Suppose 6*k = 2*k - b + 62, f*b + 50 = 4*k. Calculate the remainder when k is divided by 8.
7
Let v(b) = -9*b**2 - 1. Let r be v(-2). Let f = -10 - r. Suppose 0 = 2*u - 3*z - 8 - f, -u - z = -30. What is the remainder when u is divided by 14?
11
Suppose 0 = -52*k + 55*k - 72. Calculate the remainder when 53 is divided by k.
5
Calculate the remainder when 11 is divided by (-6)/(2/(-4)*3).
3
Suppose -30*d + 25*d + 155 = 0. Calculate the remainder when 91 is divided by d.
29
Suppose -5*j - 3*m = -119, 2*m - 71 = 3*j - 6*j. Let v(o) = 8*o**2 + o. Calculate the remainder when j is divided by v(1).
7
Suppose 6*v + 9*v = 120. Let q = 12 + -7. Suppose 0 = -2*n - 5*k + 31, q = -4*k - 7. Calculate the remainder when n is divided by v.
7
Suppose -z + 3*k - 6*k = -70, -5*k = -2*z + 118. Calculate the remainder when z is divided by 23.
18
Suppose 0*v - 282 = -v. Suppose 79 = i + 4*h, -i + h = 3*i - v. Calculate the remainder when i is divided by 18.
17
Calculate the remainder when 49 is divided by -2 + 26 + -1 + 3.
23
Let j(q) = q**3 + 4*q**2 - 7*q - 6. Let l be j(-4). Let k = l + -10. Calculate the remainder when k is divided by 7.
5
Suppose -l - l = -36. Suppose t + 3 = 2*t, -3*t - 93 = -3*u. Calculate the remainder when u is divided by l.
16
Suppose 4*s - 1 = w + 59, -5*w = 2*s - 30. Suppose -2*r - 3*y - 2 = -20, 2*r = -4*y + 18. What is the remainder when s is divided by r?
6
Let y(u) = -u. Let t(f) = 10*f + 1. Let c(s) = -t(s) - 4*y(s). Calculate the remainder when c(-1) is divided by (-1)/(1 + (-6)/4).
1
Suppose r - 4*r + 30 = 0. Let o = r - 6. What is the remainder when 6 is divided by o?
2
Suppose -3*z + 44 - 11 = 0. Suppose -2*f - z = m + f, 5*f = -2*m - 18. Let s = m + 5. Calculate the remainder when 17 is divided by s.
5
Let g = -15 + 18. Suppose 0 = -g*p - 10 + 25. Calculate the remainder when 9 is divided by p.
4
Let d = 4 - 19. Let o(q) = q + 16. Calculate the remainder when 3 is divided by o(d).
0
Suppose -o + 0*o - c = -6, 4*c = -2*o + 4. Suppose -3*m = 1 - o. Let j = 4 + m. What is the remainder when 19 is divided by j?
5
Let x(m) = 11 + 4*m - 3 - 5*m. Calculate the remainder when 2 is divided by x(6).
0
Let x(z) = 3*z**3 - 2*z**2 - 2*z. Let j be x(2). Let l be 2/j - 833/(-42). Suppose -y + l = y. Calculate the remainder when 29 is divided by y.
9
Let i be 23/3 - 4/(-12). Suppose o + i = 5*o. Suppose -3*h + 4*j = -34 - o, -j - 3 = 0. Calculate the remainder when h is divided by 3.
2
Suppose 2*a + 4 = 4*a. Suppose 0 = -w + 7 - a. Suppose w*i + 0*i = 130. Calculate the remainder when i is divided by 9.
8
Let j = -22 + 31. Calculate the remainder when 24 is divided by j.
6
Suppose -3*u = -2*t + 19, 4*t - 3 = 2*u - 1. Let o(n) = -3*n + 7. What is the remainder when o(u) is divided by 18?
16
Let u be 0/2*2/(-4). Suppose u = 2*i + 2*i - 128. What is the remainder when i is divided by 11?
10
Calculate the remainder when ((-2)/(-4))/((-4)/(-48)) is divided by 2.
0
Let v(h) = h + 3. Let s be v(-3). Suppose s = -2*j - 2 + 10. What is the remainder when 5 - (-5 - (-1 + 5)) is divided by j?
2
Let p = -11 - -17. Calculate the remainder when 34/p*(-9 + 12) is divided by 5.
2
Let b = 55 + -28. Calculate the remainder when 106 is divided by b.
25
Let h(a) = -2*a - 10. Let d be h(-7). Suppose 4*g - 7*o - 247 = -2*o, d*g = -2*o + 254. Calculate the remainder when g is divided by 16.
15
Suppose p - 21 = 2*p. What is the remainder when 10 is divided by 36/p*(-7)/2?
4
Let n = -203 + 111. Let x = n + 135. Calculate the remainder when x is divided by 11.
10
Let u(x) be the third derivative of -x**6/120 - x**5/30 - x**4/8 + x**3/6 - 2*x**2. What is the remainder when u(-3) is divided by ((-15)/12)/(1/(-8))?
9
Let k(j) = -j**2 + 4*j + 3. Let r(t) = t + 18. Let h = -46 + 31. Calculate the remainder when k(4) is divided by r(h).
0
Let j(d) be the third derivative of 3*d**4/8 - 4*d**3/3 - d**2. Suppose 4*s - 3*s = 12. What is the remainder when j(6) is divided by s?
10
Suppose 2*l - 4*t = 38, -t = -6*l + 2*l + 90. What is the remainder when l is divided by 13?
10
What is the remainder when (-4)/((-144)/1518) + (-2)/12 is divided by 9?
6
Let m = -2 + 9. Calculate the remainder when m is divided by 8/(-3*2/(-3)).
3
Suppose 0 = -d + 3*d - 36. What is the remainder when 52 is divided by d?
16
Suppose 17 = -4*d + 61. Suppose 2*w + 23 - 87 = 0. Calculate the remainder when w is divided by d.
10
Let o = 5 + -1. Suppose -o*t + 12 = -8. Suppose 0 = 3*l + 3*s - 72, -2*l + t*s + 65 - 10 = 0. Calculate the remainder when l is divided by 9.
7
Let t be (1 - -2) + -5 + 5. Suppose 3*h = p + 13, 5*p - t*p - 14 = -4*h. What is the remainder when 7 is divided by h?
3
Let v(y) = y**2 - 12*y - 30. Calculate the remainder when 42 is divided by v(15).
12
Suppose -5*u + 79 = -4*u. Let x(n) = -6*n + 2. What is the remainder when u is divided by x(-3)?
19
What is the remainder when (-162)/15*(-5)/2 is divided by 10?
7
Suppose 4*p - 4*q - 68 = 0, -2*p + 2*q - q + 35 = 0. What is the remainder when 34 is divided by p?
16
Let p(f) = f**3 + 5*f**2 - f - 2. Let v be p(-5). Suppose v*k = -2*k. Suppose k = 2*o - 0*o - 36. What is the remainder when o is divided by 10?
8
Suppose -2*q + 4*q - 14 = 0. What is the remainder when (6/1)/(5/10) is divided by q?
5
Suppose 33 = 2*l + l. Let x = l - 6. Suppose -3*n + 2*z - 6*z = 4, -4 = 4*n + x*z. Calculate the remainder when 7 is divided by n.
3
What is the remainder when 44 is divided by 140/6 - (-7)/(-21)?
21
Let b be 8/(1/(-1))*-5. Suppose 2*y - b = -3*y. What is the remainder when 15 is divided by y?
7
Let b(w) = 3*w**2 - w. What is the remainder when b(5) is divided by 18?
16
Suppose -p + 8 = -2. What is the remainder when 117 is divided by p?
7
Suppose s = 3*s. Suppose s = 4*b + 4*b - 240. Suppose y - 2*y = -16. What is the remainder when b is divided by y?
14
Let a(l) = -3*l - 1. Let m be a(-1). Let y(w) = -1 + w - w**3 + 1 + 4*w**m. Calculate the remainder when 19 is divided by y(2).
9
Suppose -1 = -o - 14. Let z = 1 - o. What is the remainder when 55 is divided by z?
13
Suppose -3*b = 3*l - 186, 0*b + l + 70 = b. Suppose 4*t + 0*y - b = 2*y, 3*y = 5*t - 84. Let u = 27 - t. Calculate the remainder when 21 is divided by u.
9
Suppose -4*w = -3*j - 1239, 0*w + 5*j + 1241 = 4*w. Calculate the remainder when w is divided by 52.
49
Let t = 9 + 62. What is the remainder when t is divided by 18?
17
Let d(n) = 17*n**2 - 2*n - 10. Calculate the remainder when d(-2) is divided by 13.
10
Let y(h) = 12*h - 3. Calculate the remainder when 25 is divided by y(1).
7
What is the remainder when (-540)/(-21) - (-12)/42 is divided by 7?
5
Let w = 13 + -6. Let u be (w/(-2))/((-2)/8). Calculate the remainder when u - 1/2*0 is divided by 8.
6
Suppose -3*j + 4*p = -2*j - 6, 0 = 5*p + 5. Calculate the remainder when 3 is divided by j.
1
Suppose 3*s + 513 = 4*t, 2*t + 2*s - 70 = 190. Calculate the remainder when t is divided by 26.
25
Suppose i + q + 7 = 4, 0 = 5*i - 2*q - 6. Calculate the remainder when -2 - i - 17/(-1) is divided by 8.
7
Suppose 0 = r - 0 + 1. What is the remainder when -2 + -2 + (r - -19) is divided by ((-2)/(-1))/4*16?
6
Suppose 2*c + 0*c - 3*b = 121, -c + 38 = 3*b. What is the remainder when c is divided by 9?
8
Let d(h) = 2*h**3 + 19. What is the remainder when 55 is divided by d(0)?
17
Let t = -5 + 9. Let w be (0 - -3)*(-2)/(-6). Let y(f) = 7*f**2 - 1. What is the